greatest common divisor of j and s?
27
Let f(y) be the third derivative of -y**6/120 - y**5/60 + y**4/24 + 5*y**3/6 + 5*y**2. Let v be f(-3). What is the greatest common divisor of v and 8?
4
Let o(v) = -v**2 - 9*v + 20. Let u = -1 - 8. Let j be o(u). Calculate the greatest common divisor of 4 and j.
4
Suppose l = 6*l - 85. Suppose 80 = -l*k + 22*k. Let z(m) = m. Let j be z(8). Calculate the highest common factor of j and k.
8
Suppose -2*x - 16 = -4*x. Suppose 2*c + 21 - 73 = 4*n, -c = -3*n - 27. What is the greatest common divisor of c and x?
8
Let y(f) = -2*f**3 + 2*f**2 - 4*f - 11. Let q be y(-2). Calculate the highest common factor of 30 and q.
3
Suppose -10*c - 200 = -12*c. Suppose -3*h + c = 2*h. Calculate the highest common divisor of 12 and h.
4
Let o(d) = 112*d**2 - 9*d + 8. Let a be o(-5). What is the highest common divisor of a and 9?
9
Let b(o) = o**3 + 26*o**2 - 29*o - 45. Let h be b(-27). What is the greatest common factor of h and 72?
9
Suppose 3 + 2 = 5*b. Let u = -5 - b. Let y be 290/25 + u/10. What is the greatest common factor of y and 99?
11
Suppose -36*z + 25255 = -12977. What is the highest common divisor of 18 and z?
18
Let f be (-15)/10*(-2296)/12 + -1. Calculate the greatest common factor of f and 130.
26
Suppose -1761 + 161 = -40*v. Calculate the greatest common factor of v and 16.
8
Let g be (2 - 5 - 3) + 0. Let w = 24 + g. Suppose -402 = -2*o + 2*v, -2*o + 2*v = 5*v - 387. What is the greatest common factor of w and o?
18
Let h(i) = 2*i + 11. Let g be h(-2). What is the highest common factor of g and 301?
7
Suppose -277 = -3*a - 4*m, -3*a + 275 = 8*m - 6*m. What is the greatest common divisor of a and 455?
91
Let n be ((-4)/(-10))/(10/13200). What is the greatest common factor of 33 and n?
33
Let j be (-6)/21 - (-116)/14. Let l = j - -3. Calculate the greatest common factor of l and 22.
11
Let m = 39 + -32. Let b = 2 - 2. Suppose 4*u = -0*f + f + 280, 2*u + 5*f - 140 = b. What is the highest common divisor of m and u?
7
Let g be ((-21528)/(-52))/((-4)/(-2)). Calculate the highest common factor of 1173 and g.
69
Let f(m) = m**3 + 9*m**2 - 12*m - 18. Let v be f(-10). Suppose -v*i + 134 = 3*y - 0*y, 0 = 3*i - 12. What is the highest common factor of 105 and y?
21
Let q(w) = -w**3 - w**2 + 4*w - 1. Let a be q(-3). Let d be (37 + a)/(2 - 1). Suppose d = 9*o - 165. Calculate the highest common factor of o and 46.
23
Suppose 0 = -5*t + v + 43 + 1446, v = -4. Calculate the highest common divisor of 33 and t.
33
Let t(q) = 2*q**2 + 41*q + 7. Let i be t(-21). Suppose 14*o - i = 12*o. What is the greatest common factor of 112 and o?
14
Suppose 3*g + 5*b - b = 252, -4*b - 168 = -2*g. Let a be (4 + (-70)/15)/((-8)/1884). Let x = a + -143. What is the greatest common divisor of x and g?
14
Let t be 41 + (-2 + 3)*-2. Suppose 4*o + o = 1265. Let m be o/11 + (3 - 0). What is the greatest common factor of t and m?
13
Suppose 787*b - 20 = 785*b. What is the highest common divisor of b and 205?
5
Let p be 38/5*(2100/40)/21. Calculate the greatest common factor of 3781 and p.
19
Let w(r) = -r**3 - 9*r**2 - 4*r - 3. Let s be w(-6). Let l = s + 132. Let f(v) = -v**2 - 5*v - 1. Let k be f(-2). What is the highest common divisor of k and l?
5
Let s be ((-2)/6)/((-5)/45). Suppose 10 = 2*q, -3*q + 31 = 5*j - 134. Calculate the greatest common factor of j and s.
3
Let j(h) = 28*h + 437. Let u be j(-15). Let d be (1/1)/(-1) - -5. Suppose 0 = -d*t + 315 + 93. Calculate the highest common factor of t and u.
17
Let a be 47/(((-80)/10)/(-8)). What is the highest common factor of a and 235?
47
Suppose 802*g - 807*g = -405. What is the greatest common factor of g and 189?
27
Suppose 491 = z - 0*z + 2*d, 4*d = 2*z - 998. What is the greatest common divisor of z and 33?
33
Suppose 3*i = 4*x - 25, i + 1 = 2. Let l(w) = -w - 3*w + x*w + 4*w - 5. Let m be l(6). What is the highest common factor of m and 259?
37
Suppose -25 = -5*d - 5*v, 7 = 5*d + v - 2*v. Suppose -2*o - 20 = -2*m - d, -52 = -5*m - 2*o. Calculate the highest common divisor of 25 and m.
5
Let i(b) = -2*b**2 + 16*b + 4. Let x be i(8). Suppose y + q - 10 = -0*y, -2*y - x*q = -30. Calculate the greatest common factor of y and 5.
5
Let k = 221 - 540. Let i = 11 - k. What is the greatest common factor of i and 30?
30
Suppose 2*n - 24 = s, -2 = 4*n + 18. Let u be -6*(s - -3 - 2). Calculate the greatest common factor of 18 and u.
18
Let n be (287 - (6 + -2)) + -8. Calculate the highest common divisor of n and 55.
55
Suppose 2*s = 3*s + 4*d - 824, 1654 = 2*s + 2*d. What is the greatest common divisor of s and 36?
36
Suppose -4*l + 40 - 520 = 0. Let y be l/(-1)*16/24. Suppose o = 4*t + 3*o - y, -5*o = 10. Calculate the highest common factor of 63 and t.
21
Let r = -9 + 13. Suppose a - 134 = 4*s, 2*s + 0*a = r*a - 60. Let c be (-72)/s - 2/17. What is the greatest common divisor of c and 4?
2
Suppose 36 = 7*l - 6. Let b = l - -6. Calculate the greatest common divisor of b and 96.
12
Let i(k) = -k**2 + 6*k - 5. Let s be i(9). Let m be (-58)/(-4)*(-11 + 15). Let n = m + s. Calculate the greatest common divisor of n and 26.
26
Suppose y - 23 = -4*d + 19, 4*d - y = 46. Calculate the highest common divisor of d and 297.
11
Let o be 21/(-2) - 6/12. Let b = o + 15. Let h(s) = s - 5. Let j be h(7). Calculate the highest common divisor of b and j.
2
Let w = -389 + 636. What is the greatest common divisor of w and 13?
13
Let v be (-174)/(-15)*(170/20 + -6). Calculate the highest common factor of v and 551.
29
Let f be 131*1 + 3 + -2. Suppose 0 = 50*b - 49*b - 18. Suppose a + 3*g = b, 2*g + 4 = 8. Calculate the highest common factor of f and a.
12
Suppose -117 = 4*r - 7*r. Let x(v) = -12*v + 546. Let h be x(45). What is the highest common factor of r and h?
3
Let f be 131 + -1 - (193 - 195). Let j = -23 + 35. What is the highest common divisor of j and f?
12
Let j be (-27)/(-2)*72/(-54). Let l(a) = -3*a + 2. Let d be l(j). Calculate the greatest common factor of 7 and d.
7
Let q = -7 + 37. Let i = 5243 - 5223. Calculate the greatest common factor of q and i.
10
Let j = 1295 - 1190. Let p be (-1242)/(-15) + (-1)/(-5). Suppose p = 4*i - 85. What is the greatest common factor of j and i?
21
Suppose -5*q - 62 = -647. Suppose 4*b - 195 = 117. Calculate the greatest common divisor of q and b.
39
Let f(g) = 8*g**2 + 80*g + 14. Let h be f(-10). What is the greatest common divisor of h and 6?
2
Suppose o = -5*s + 1395, -10*s + o = -9*s - 285. Calculate the greatest common factor of 10 and s.
10
Let y(k) = k**3 - 2*k**2 - 4*k + 2. Let l be y(4). Suppose l - 24 = -f. What is the greatest common factor of 24 and f?
6
Suppose 0 = -3*v - j + 152, 0 = -20*v + 24*v + 2*j - 202. What is the greatest common divisor of v and 1020?
51
Let b(f) = 46*f**2 + 20*f - 72. Let g be b(4). Calculate the highest common divisor of g and 31.
31
Suppose 4*a - 3*g - 60 - 11 = 0, 0 = -a - 4*g + 32. Suppose 15*r - 69 = 81. What is the highest common divisor of r and a?
10
Suppose 5*i + 1370 = 3820. What is the greatest common factor of 98 and i?
98
Let q(n) = 14*n + 223. Let u be q(-15). Suppose -3*z = -0*z - 2*c - 166, -4*c - 72 = -z. What is the highest common divisor of z and u?
13
Suppose -4*f + 664 - 68 = 0. Let d = -101 + f. What is the greatest common divisor of d and 48?
48
Let b(n) = -n**2 + 6*n + 7. Let s be b(7). Let v(f) = -40*f - 16. Let w be v(-7). Suppose s*h = -2*h + w. What is the greatest common divisor of h and 12?
12
Suppose 1364 = y + 3*x, 0 = -5*y - 5*x + 2410 + 4410. Calculate the greatest common factor of y and 11.
11
Let h be 5/(12/3 + 0 + -3). Suppose l = -h*v + 19, v - 4*v = -5*l + 123. Calculate the highest common factor of l and 3.
3
Suppose 2*k = -6*k + 32. Let u = -52 - -84. What is the greatest common divisor of u and k?
4
Suppose 6*u = -4*u + 200. Let q be (12/u)/((-1)/(-5)) - -42. What is the highest common divisor of 18 and q?
9
Let s(y) = y**2 - 1. Let o be 4/(-10) + (-3)/5. Let w be s(o). Suppose 315 = 5*g + 5*x, w = -2*x + 1 - 3. Calculate the highest common divisor of g and 32.
32
Let m be (28*-6)/(-22 + 20). What is the highest common divisor of 336 and m?
84
Let v be -3*(-14)/147 + (-138)/(-7). Calculate the greatest common factor of 8 and v.
4
Let z = -60 + 88. Let l = -12 + z. Calculate the greatest 